common divisor of 1 and 28.
1
Calculate the greatest common factor of 114 and 8721.
57
Calculate the greatest common factor of 28 and 623.
7
What is the highest common divisor of 82 and 3?
1
Calculate the highest common factor of 36 and 972.
36
What is the greatest common factor of 19 and 1007?
19
Calculate the highest common factor of 39 and 507.
39
What is the greatest common divisor of 1 and 13?
1
Calculate the greatest common divisor of 114 and 4161.
57
Calculate the greatest common factor of 52 and 8684.
52
Calculate the greatest common factor of 56 and 72.
8
Calculate the highest common divisor of 8 and 19.
1
Calculate the greatest common factor of 9282 and 208.
26
Calculate the highest common factor of 1089 and 126.
9
What is the greatest common divisor of 38 and 46778?
38
What is the greatest common factor of 462 and 336?
42
What is the greatest common divisor of 27 and 45?
9
Calculate the greatest common factor of 612 and 85.
17
Calculate the greatest common divisor of 598 and 78637.
299
What is the greatest common divisor of 33 and 231?
33
What is the greatest common divisor of 88032 and 16?
16
Calculate the highest common factor of 6660 and 40.
20
Calculate the greatest common factor of 595 and 3485.
85
Calculate the highest common factor of 1414 and 1616.
202
Calculate the greatest common divisor of 240 and 280.
40
What is the greatest common divisor of 13 and 559?
13
Calculate the highest common factor of 6837 and 387.
129
What is the greatest common factor of 11 and 25157?
11
Calculate the highest common factor of 56 and 378.
14
Calculate the highest common divisor of 2 and 1154.
2
Calculate the greatest common factor of 9 and 9000.
9
Calculate the highest common divisor of 25 and 35.
5
Calculate the greatest common factor of 255 and 165.
15
Calculate the greatest common divisor of 248 and 16.
8
What is the highest common factor of 322 and 3262?
14
Calculate the greatest common factor of 2176 and 34.
34
Calculate the greatest common factor of 632 and 88.
8
What is the greatest common factor of 506 and 92?
46
Calculate the greatest common factor of 16 and 7.
1
Calculate the greatest common divisor of 1520 and 160.
80
What is the highest common factor of 17238 and 102?
102
What is the highest common factor of 6 and 102?
6
What is the greatest common factor of 1038 and 6?
6
Calculate the highest common divisor of 28 and 2324.
28
Calculate the greatest common divisor of 58 and 99064.
58
What is the highest common divisor of 6365 and 1340?
335
What is the greatest common divisor of 201 and 737?
67
What is the highest common factor of 185 and 296?
37
Calculate the highest common divisor of 174 and 42.
6
What is the highest common factor of 305 and 30?
5
What is the highest common factor of 44492 and 28?
28
What is the highest common divisor of 348 and 24?
12
Calculate the highest common factor of 195 and 4992.
39
What is the highest common divisor of 32 and 1?
1
What is the greatest common divisor of 54 and 108?
54
Calculate the highest common divisor of 40 and 320.
40
What is the greatest common divisor of 1078 and 2?
2
Calculate the highest common factor of 55 and 70.
5
Calculate the highest common divisor of 33 and 825.
33
Calculate the highest common factor of 21 and 18081.
21
Calculate the highest common divisor of 2272 and 781.
71
What is the highest common factor of 41 and 7913?
41
Calculate the greatest common factor of 3262 and 84.
14
Calculate the greatest common factor of 4 and 12356.
4
What is the highest common factor of 448 and 172?
4
What is the highest common factor of 76 and 4?
4
What is the greatest common divisor of 1392 and 10904?
232
What is the highest common divisor of 18172 and 77?
77
What is the greatest common divisor of 2150 and 250?
50
What is the highest common factor of 4 and 764?
4
What is the greatest common divisor of 73 and 73?
73
What is the highest common divisor of 204 and 56?
4
What is the highest common divisor of 1775 and 1420?
355
What is the greatest common factor of 296 and 216?
8
Calculate the highest common divisor of 6877 and 39.
13
Calculate the greatest common divisor of 120 and 72.
24
What is the highest common factor of 415 and 1743?
83
Calculate the greatest common divisor of 6848 and 192.
64
What is the greatest common divisor of 188 and 94?
94
What is the highest common divisor of 12 and 12?
12
What is the greatest common factor of 1178 and 38?
38
Calculate the highest common factor of 430 and 4.
2
What is the greatest common divisor of 1 and 211?
1
What is the greatest common divisor of 605 and 55?
55
Calculate the highest common divisor of 3053 and 129.
43
Calculate the highest common divisor of 85 and 2805.
85
What is the greatest common divisor of 1925 and 100?
25
What is the greatest common divisor of 50436 and 9?
9
Calculate the highest common factor of 11076 and 104.
52
Calculate the highest common divisor of 775 and 25.
25
Calculate the greatest common factor of 68726 and 14.
14
Calculate the highest common factor of 30 and 135.
15
Calculate the highest common factor of 144 and 3312.
144
What is the highest common divisor of 225 and 325?
25
Calculate the highest common divisor of 22 and 682.
22
Calculate the highest common divisor of 3596 and 232.
116
What is the greatest common divisor of 141 and 33?
3
What is the greatest common divisor of 2 and 1774?
2
What is the highest common divisor of 36 and 1062?
18
Calculate the highest common factor of 5656 and 112.
56
Calculate the highest common divisor of 117 and 234.
117
Calculate the highest common factor of 1 and 436.
1
Calculate the greatest common factor of 14112 and 32.
32
What is the greatest common divisor of 22681 and 37?
37
What is the highest common divisor of 57 and 21?
3
What is the greatest common divisor of 7 and 3?
1
What is the greatest common divisor of 132 and 1892?
44
What is the highest common factor of 378 and 42?
42
Calculate the greatest common divisor of 12 and 105168.
12
Calculate the greatest common factor of 85 and 68.
17
What is the highest common divisor of 123 and 369?
123
Calculate the highest common factor of 50 and 685.
5
Calculate the greatest common factor of 290 and 10.
10
What is the greatest common factor of 63 and 1233?
9
Calculate the highest common factor of 22 and 1639.
11
Calculate the greatest common factor of 33 and 110.
11
What is the highest common divisor of 2403 and 178?
89
What is the greatest common divisor of 100 and 16?
4
What is the highest common factor of 8 and 2272?
8
What is the greatest common factor of 624 and 546?
78
What is the highest common divisor of 221 and 1014?
13
What is the greatest common factor of 2046 and 1488?
186
What is the greatest common factor of 108 and 3051?
27
Calculate the greatest common divisor of 2041 and 377.
13
What is the greatest common divisor of 210 and 777?
21
Calculate the highest common factor of 170 and 30.
10
What is the highest common divisor of 603 and 6?
3
Calculate the highest common factor of 180 and 60.
60
Calculate the greatest common factor of 16 and 5744.
16
What is the highest common divisor of 55 and 515?
5
Calculate the greatest common factor of 2000 and 350.
50
Calculate the highest common divisor of 4 and 74.
2
Calculate the greatest common factor of 500 and 5375.
125
What is the greatest common divisor of 16 and 48?
16
What is the greatest common divisor of 27 and 10917?
9
Calculate the highest common factor of 40 and 328.
8
Calculate the greatest common divisor of 4223 and 412.
103
What is the highest common factor of 2238 and 96?
6
What is the highest common divisor of 46 and 8?
2
What is the highest common factor of 209 and 11?
11
Calculate the highest common divisor of 126 and 182.
14
Calculate the greatest common divisor of 63 and 224.
7
Calculate the highest common divisor of 33200 and 32.
16
What is the greatest common factor of 32 and 96?
32
Calculate the greatest common factor of 1233 and 27.
9
Calculate the highest common divisor of 10 and 15190.
10
What is the greatest common divisor of 360 and 630?
90
Calculate the greatest common factor of 6460 and 34.
34
What is the greatest common divisor of 2781 and 54?
27
Calculate the highest common factor of 4 and 10.
2
Calculate the highest common divisor of 1